*l + 7. What is the tens digit of p(-9)?
1
Suppose 0*f + f - 85 = -5*h, 5*f = 2*h - 7. What is the tens digit of h?
1
What is the tens digit of 369 + (60/5)/(-3)?
6
Let t(b) = -2*b**3. Let f be t(-1). Let w(g) = -5*g**3 - g - 1. Let o(c) = -9*c**3 - 2*c - 2. Let x(v) = 6*o(v) - 11*w(v). What is the units digit of x(f)?
5
Suppose 0 = 3*u - 5*b - 95, -3 = 3*b - 0. Let o = -18 + u. What is the tens digit of o?
1
Suppose b + 2*q + 8 = 0, 2*b - 6*q + 3*q - 19 = 0. What is the units digit of b?
2
Let s(t) = 0*t + 0*t**2 - 3 + 3*t + 2*t**2. Let p = -5 + 2. What is the units digit of s(p)?
6
Let s(p) = p**2 - 4*p + 3. Suppose 2*h = -2 + 6. Suppose -h*j = 2*j - 24. What is the units digit of s(j)?
5
Let p = -8 - -6. What is the tens digit of p/4 + 275/22?
1
Let p(a) = -a**3 - 8*a**2 - 7*a. Let t be p(-7). Let w be (t + -1)*2*-3. Suppose -w - 14 = -4*h. What is the units digit of h?
5
Let z(s) = 6*s**2 - s - 1. Let a be z(3). Suppose -4*k + a = -w, -4*k + 2*w + 39 = -9. What is the tens digit of k?
1
Let y(b) = -b**2 + 5*b + 6. Let p be y(6). Suppose p = i + 4*i - 80. What is the tens digit of i?
1
Suppose 4*s + w + 3*w + 4 = 0, -5*w - 7 = 3*s. What is the tens digit of s*(25 - (3 + -3))?
2
Let n(f) = f**2 - f - 23. Let d be n(0). Let h = d - -42. What is the units digit of h?
9
Let p(v) = -1 + v**3 + 0 + 3 - 6*v**2 + 5*v. Let f be p(5). Suppose -6 = -f*i + 8. What is the units digit of i?
7
Suppose 0 = -t + 4*h + 5, 0*t - 4*h = -4*t + 68. Suppose -t = -2*i + 29. Suppose -i = -2*k - u, k - 3*u = 2*u + 7. What is the tens digit of k?
1
What is the tens digit of 72/7 + (-4)/14?
1
Suppose -3*q + 3 = 0, -2*a + 2*q - 750 = -6*a. What is the units digit of a?
7
Let b be 3/(2 - 1/2). Let s be (-2)/(-4)*0/(-15). Let l = s + b. What is the units digit of l?
2
Let r(p) = 7*p**3 + p**2 + 6*p - 5. Let a(m) = -m**3 - m**2 - m + 1. Let t(w) = 6*a(w) + r(w). What is the units digit of t(5)?
1
Let h(a) = a**2 + 3*a - 3. Let s be h(-7). Suppose s = -4*n + 97. What is the tens digit of n?
1
Let l(z) = -3*z**3 - 5*z**2 + 5*z + 2. Let c(k) = k**3. Let q(g) = 4*c(g) + l(g). Let i(n) = 3*n**2 + 2*n - 1. Let u be i(1). What is the units digit of q(u)?
6
Suppose 0 = -2*m + 236 + 62. What is the tens digit of m?
4
Suppose 5*r - 3*r = 0. Suppose l - 5*c - 52 = -0*l, r = -2*l - c + 71. What is the units digit of l?
7
Suppose 0 = -3*w + 8*w - 320. What is the units digit of w?
4
Let h(v) = 1 - 2 - 2*v + 2*v**2 + 0*v. Let z be h(-1). Suppose -5 = -z*r + 4. What is the units digit of r?
3
Let b = 10 + -7. Suppose -k = -11 + b. What is the units digit of k?
8
Suppose -5*s + 4*v = -146, -s - 2*v + 35 = 3*v. Suppose 7*d - 2*d - s = 0. What is the units digit of d?
6
What is the tens digit of ((-90)/7)/(39/(-182))?
6
Let v = -14 + 9. What is the units digit of ((-2)/1)/(v/10)?
4
Let m be 2 + (0 - 1 - -1). Suppose -2*b + t = m*b + 1, -b - 5*t = -26. Suppose 0 = -p + 2 + b. What is the units digit of p?
3
Let q = 4 + 0. Let k(g) = g**3 - 4*g**2 - g + 2. Let s be k(q). What is the tens digit of ((-4)/(-12))/(s/(-78))?
1
Let i(f) = 1 - 1 + f - f**2. Let t(v) = 4*v**2 - 12*v - 1. Let n(d) = 5*i(d) + t(d). What is the units digit of n(-5)?
9
Suppose 0 = -6*d - 0*d + 378. What is the units digit of d?
3
Let s(w) = 3*w**2 + 10. What is the tens digit of s(7)?
5
Suppose 27 = 4*s - l - 46, 2*s + 2*l = 34. Suppose 2*r = -2*r + 8, 2*k - s = 3*r. Suppose -3*t + 4*q = t - 24, -3*q - k = 0. What is the units digit of t?
2
Let c be 3 - (-5 - -3) - 3. Let o be c - (-3)/(6/(-10)). Let p = 1 - o. What is the units digit of p?
4
Suppose 3*q = -q - 3*t + 181, -2*t = 4*q - 182. What is the tens digit of q?
4
Suppose 10*p = 3675 - 825. What is the units digit of p?
5
Let r(p) = -2*p**3 + p**2 + 6*p + 5. Let o(d) = 5*d**3 - d**2 - 13*d - 10. Let v(b) = -3*o(b) - 7*r(b). Let j = 36 - 40. What is the units digit of v(j)?
7
Let b(s) = s**3 - 5*s**2 - s - 2. Let a(o) = -o**2 - o + 6. Let v be a(0). What is the tens digit of b(v)?
2
Let g(h) = 2*h**2 + 4*h + 7. Let v be g(-5). Suppose 0 = -5*x + 3*n + 111 - v, -4*x + 67 = -5*n. What is the tens digit of x?
1
Let b(i) = -i**3 + 8*i**2 + 6*i + 5. What is the units digit of b(-3)?
6
Let r(m) = -10*m**2 + m. Let h be r(1). Let p = -8 - -22. Let i = h + p. What is the units digit of i?
5
Let c(v) = -v + 1. Let o be c(-7). Let h be (-9)/(-6) + 4/o. What is the units digit of -5*(-3)/6*h?
5
Let u(i) be the second derivative of -5*i**3/6 - i**2/2 + 2*i. What is the units digit of u(-4)?
9
Let k(b) = -b**3 - b**2 - b. Suppose 0 = -4*m - 5*p + 30, 3*p = 3*m - m - 4. Suppose -5*w - m = 5. What is the units digit of k(w)?
6
Let t(y) = -y**2 + 7*y - 11. Let h be t(-6). Let o = -52 - h. What is the units digit of o?
7
Let v be ((-2)/6)/(1/(-9)). Suppose -a = 2*a - 18. Suppose -4*y = -u - 5, -6*u + 2*u + a = -v*y. What is the units digit of y?
2
What is the tens digit of (1 - 4)/3 + 41?
4
Let d(y) = -y**2 - 8*y. Let j be d(-7). Suppose -j*h + 2*h = -140. What is the tens digit of h?
2
Let m be 2/10 + 7/(-35). Suppose m = -3*f - 14 + 47. What is the units digit of f?
1
Let s be (-8)/(-20) + (-67)/5. Let t = 20 + s. What is the units digit of t?
7
Let v(k) = -8*k - 8. What is the units digit of v(-4)?
4
Let d = 41 + -4. What is the units digit of d?
7
Let d(l) = l - 3 + 1 + l. Let j be d(2). Let h = 5 - j. What is the units digit of h?
3
Let q(r) = -3*r - 11. What is the units digit of q(-23)?
8
Let c be (-1)/2*-10*1. Suppose -v = c - 2. What is the units digit of (1 - v)*(-10)/(-8)?
5
Suppose 2 = -5*q + 3*q. Let m be -1 - 44/(-1 + q). Suppose 3*g - m = 3. What is the units digit of g?
8
Suppose 343 = 5*q + 2*w - 3*w, -3*q - 3*w = -195. What is the tens digit of q?
6
What is the tens digit of 2/(-3*8/12) + 23?
2
Let x = 17 - -132. What is the units digit of x?
9
Let k = 1 + 1. Suppose 0 = k*a + a - 39. What is the tens digit of a?
1
Let w(z) be the first derivative of z**4/4 + 2*z**3 - z**2 - 5*z + 8. What is the units digit of w(-4)?
5
Let h(a) = a**3 - 3*a**2 + a. Let s be h(3). Suppose t = -2*l - t + 2, s*l + 2*t - 5 = 0. What is the units digit of l?
3
Let h(r) = r**2 + 7*r + 6. Let q be h(-4). What is the units digit of (-20)/(-3) - 2/q?
7
Let g(c) be the third derivative of c**4/8 + 3*c**3/2 - 5*c**2. What is the units digit of g(4)?
1
What is the tens digit of (-5)/(5/(-17)) - -4?
2
Let p be -2*1/(6/9). Let b = p + 22. What is the tens digit of b?
1
Suppose -2*b = 5*p + 8, 0 = b - 3*b + 5*p + 32. Let t = -5 - -7. Suppose 0 = b*d - t*d - 24. What is the units digit of d?
6
Suppose -1 = -2*p + 5. What is the units digit of p?
3
Suppose -5*v = -4*g + 74, -18 = -2*g + 5*v + 14. Let s = g + -10. What is the tens digit of s?
1
Let o(i) be the third derivative of i**5/20 + i**4/4 + i**3/2 - 5*i**2. What is the units digit of o(-4)?
7
Let n(t) = 3*t - 2 - 5*t + 3. What is the units digit of n(-1)?
3
Suppose -4*u - 8 = -20. Let w(d) = d**3 + 2*d**2 - 2*d**3 + 2 + 0*d**2 + u*d. What is the units digit of w(3)?
2
Suppose 0 = 3*b - 2*b - 1. Suppose 2*h = -15 + b. Let q(r) = r**3 + 8*r**2 + 8*r + 9. What is the units digit of q(h)?
2
Let c be (-6)/(-21) - 4/14. Suppose c*h + 2*h = 36. What is the tens digit of h?
1
Let j = 1 - 3. Let v = 2 + j. Suppose v*w - 2*w - r + 10 = 0, -20 = -5*r. What is the units digit of w?
3
Let c = -11 - -16. Suppose -8 = -c*n + 7. What is the units digit of n?
3
Suppose f = 241 - 23. What is the tens digit of f?
1
Let p = 6 - 3. What is the tens digit of (-33)/(-2) - p/6?
1
Let m = 6 + -4. Suppose -q = -m - 8. What is the tens digit of q?
1
Let b = 209 + -192. What is the tens digit of b?
1
What is the hundreds digit of (-2 + -2*585/(-6))/1?
1
Let c(z) = -z**3 - 8*z**2 + 3*z + 8. Suppose 4*b + 34 = -2*u, 0*b = -2*b - 4*u - 20. Let j be c(b). What is the units digit of (-40)/(-8)*j/(-10)?
8
Suppose -5*x + 120 = 2*o, 4*o + 4*x - 222 = 6. What is the units digit of o?
5
Suppose -13 = -6*z - 1. What is the units digit of z?
2
Let f be 16/12*39/(-1). Let w = -34 - f. What is the tens digit of w?
1
Let g be (3/(-3) - -1)/1. Suppose g*b - 5*b + 50 = 0. What is the units digit of b?
0
Let z be ((-4)/(-6))/((-22)/(-33)). Let b be -5 + 2 - (-13)/z. Let n = b - 5. What is the units digit of n?
5
Let o(i) = i**2 - 6*i + 11. What is the tens digit of o(9)?
3
What is